{"id":163,"date":"2020-07-08T14:40:15","date_gmt":"2020-07-08T11:40:15","guid":{"rendered":"https:\/\/zealous-golick.18-196-151-180.plesk.page\/?page_id=163"},"modified":"2021-05-27T10:09:59","modified_gmt":"2021-05-27T07:09:59","slug":"yhteystiedot","status":"publish","type":"page","link":"https:\/\/kummitustalo.fi\/?page_id=163","title":{"rendered":"Yhteystiedot"},"content":{"rendered":"\n<p>Jos haluat ostaa tuottamaamme l\u00e4hihunajaa tai saada lis\u00e4tietoja Kummitustalon tapahtumista, ota yhteytt\u00e4:<\/p>\n\n\n\n<p><a href=\"mailto:kai@lavilat.com\">kai@lavilat.com<\/a> &#8211; 040-7737738<\/p>\n\n\n\n<p>Yhteydenotot onnistuvat my\u00f6s Kummitustalon facebook-sivuston kautta osoitteessa <a href=\"https:\/\/www.facebook.com\/kummitustalotuuri\/\">https:\/\/www.facebook.com\/kummitustalotuuri\/<\/a><\/p>\n\n\n\n<p>Myymme hunajaa suoramyyntin\u00e4 kotoamme: Saurakalliontie 36, Tuuri.<\/p>\n","protected":false},"excerpt":{"rendered":"<p>Jos haluat ostaa tuottamaamme l\u00e4hihunajaa tai saada lis\u00e4tietoja Kummitustalon tapahtumista, ota yhteytt\u00e4: kai@lavilat.com &#8211; 040-7737738 Yhteydenotot onnistuvat my\u00f6s Kummitustalon facebook-sivuston kautta osoitteessa https:\/\/www.facebook.com\/kummitustalotuuri\/ Myymme hunajaa suoramyyntin\u00e4 kotoamme: Saurakalliontie 36, Tuuri.<\/p>\n","protected":false},"author":1,"featured_media":0,"parent":0,"menu_order":0,"comment_status":"closed","ping_status":"closed","template":"","meta":{"ngg_post_thumbnail":0,"spay_email":""},"jetpack_sharing_enabled":true,"jetpack_likes_enabled":false,"_links":{"self":[{"href":"https:\/\/kummitustalo.fi\/index.php?rest_route=\/wp\/v2\/pages\/163"}],"collection":[{"href":"https:\/\/kummitustalo.fi\/index.php?rest_route=\/wp\/v2\/pages"}],"about":[{"href":"https:\/\/kummitustalo.fi\/index.php?rest_route=\/wp\/v2\/types\/page"}],"author":[{"embeddable":true,"href":"https:\/\/kummitustalo.fi\/index.php?rest_route=\/wp\/v2\/users\/1"}],"replies":[{"embeddable":true,"href":"https:\/\/kummitustalo.fi\/index.php?rest_route=%2Fwp%2Fv2%2Fcomments&post=163"}],"version-history":[{"count":5,"href":"https:\/\/kummitustalo.fi\/index.php?rest_route=\/wp\/v2\/pages\/163\/revisions"}],"predecessor-version":[{"id":243,"href":"https:\/\/kummitustalo.fi\/index.php?rest_route=\/wp\/v2\/pages\/163\/revisions\/243"}],"wp:attachment":[{"href":"https:\/\/kummitustalo.fi\/index.php?rest_route=%2Fwp%2Fv2%2Fmedia&parent=163"}],"curies":[{"name":"wp","href":"https:\/\/api.w.org\/{rel}","templated":true}]}}